is divided by 680.
36
Calculate the remainder when 16726 is divided by 1394.
1392
What is the remainder when 8425 is divided by 11?
10
Calculate the remainder when 7994 is divided by 190.
14
Calculate the remainder when 10444 is divided by 81.
76
What is the remainder when 1381 is divided by 8?
5
Calculate the remainder when 9855 is divided by 3237.
144
Calculate the remainder when 44071 is divided by 6295.
6
What is the remainder when 5233 is divided by 325?
33
What is the remainder when 110161 is divided by 144?
1
What is the remainder when 474723 is divided by 17?
15
Calculate the remainder when 961 is divided by 37.
36
What is the remainder when 29023 is divided by 9671?
10
What is the remainder when 99604 is divided by 208?
180
What is the remainder when 3510 is divided by 3501?
9
Calculate the remainder when 79 is divided by 21.
16
Calculate the remainder when 142586 is divided by 19.
10
What is the remainder when 1431 is divided by 168?
87
What is the remainder when 16787 is divided by 317?
303
What is the remainder when 16549 is divided by 40?
29
Calculate the remainder when 953 is divided by 11.
7
Calculate the remainder when 2460 is divided by 122.
20
Calculate the remainder when 32912 is divided by 10970.
2
Calculate the remainder when 181250 is divided by 21.
20
What is the remainder when 450544 is divided by 34?
10
What is the remainder when 778 is divided by 124?
34
What is the remainder when 5723 is divided by 1407?
95
What is the remainder when 3649 is divided by 38?
1
Calculate the remainder when 191531 is divided by 11.
10
What is the remainder when 5232 is divided by 1743?
3
Calculate the remainder when 3610 is divided by 1158.
136
What is the remainder when 18798 is divided by 18788?
10
Calculate the remainder when 50147 is divided by 228.
215
What is the remainder when 1379 is divided by 102?
53
Calculate the remainder when 28118 is divided by 167.
62
Calculate the remainder when 2589 is divided by 27.
24
What is the remainder when 64550 is divided by 147?
17
Calculate the remainder when 3832 is divided by 71.
69
Calculate the remainder when 551 is divided by 2.
1
What is the remainder when 13668 is divided by 134?
0
What is the remainder when 10759 is divided by 2682?
31
Calculate the remainder when 23640 is divided by 84.
36
Calculate the remainder when 72636 is divided by 784.
508
Calculate the remainder when 15692 is divided by 107.
70
Calculate the remainder when 79208 is divided by 4391.
170
Calculate the remainder when 23792 is divided by 85.
77
What is the remainder when 2655 is divided by 267?
252
Calculate the remainder when 51509 is divided by 274.
271
Calculate the remainder when 18770 is divided by 519.
86
What is the remainder when 703574 is divided by 66?
14
What is the remainder when 1608 is divided by 667?
274
Calculate the remainder when 1994 is divided by 1963.
31
Calculate the remainder when 9033 is divided by 18.
15
Calculate the remainder when 1077871 is divided by 404.
403
Calculate the remainder when 6368 is divided by 1076.
988
What is the remainder when 63282 is divided by 12?
6
What is the remainder when 1234 is divided by 569?
96
What is the remainder when 336472 is divided by 19?
1
Calculate the remainder when 20465 is divided by 34.
31
Calculate the remainder when 1198 is divided by 247.
210
What is the remainder when 102123 is divided by 458?
447
What is the remainder when 780 is divided by 79?
69
Calculate the remainder when 120276 is divided by 167.
36
What is the remainder when 39893 is divided by 79?
77
What is the remainder when 702088 is divided by 87?
85
Calculate the remainder when 12519 is divided by 92.
7
Calculate the remainder when 29011 is divided by 2.
1
Calculate the remainder when 97494 is divided by 11.
1
Calculate the remainder when 2919 is divided by 26.
7
What is the remainder when 19734 is divided by 19561?
173
Calculate the remainder when 3110 is divided by 3093.
17
What is the remainder when 23181 is divided by 473?
4
Calculate the remainder when 3184 is divided by 3161.
23
Calculate the remainder when 50781 is divided by 723.
171
Calculate the remainder when 1186 is divided by 586.
14
Calculate the remainder when 88496 is divided by 26.
18
Calculate the remainder when 33735 is divided by 14.
9
What is the remainder when 3236 is divided by 1540?
156
Calculate the remainder when 48676 is divided by 601.
596
What is the remainder when 32059 is divided by 10588?
295
What is the remainder when 714 is divided by 341?
32
What is the remainder when 92157 is divided by 1166?
43
Calculate the remainder when 7964 is divided by 2561.
281
What is the remainder when 15103 is divided by 560?
543
What is the remainder when 47108 is divided by 26?
22
Calculate the remainder when 753694 is divided by 36.
34
Calculate the remainder when 5042 is divided by 1260.
2
What is the remainder when 83793 is divided by 151?
139
What is the remainder when 4655 is divided by 64?
47
Calculate the remainder when 97390 is divided by 7.
6
What is the remainder when 6010 is divided by 31?
27
Calculate the remainder when 342834 is divided by 26.
24
Calculate the remainder when 293133 is divided by 186.
183
Calculate the remainder when 56623 is divided by 18872.
7
What is the remainder when 5287 is divided by 11?
7
Calculate the remainder when 2544 is divided by 374.
300
Calculate the remainder when 3755 is divided by 67.
3
What is the remainder when 44616 is divided by 67?
61
Calculate the remainder when 117585 is divided by 39182.
39
Calculate the remainder when 5438497 is divided by 11.
9
What is the remainder when 1404 is divided by 671?
62
Calculate the remainder when 35763 is divided by 177.
9
What is the remainder when 85368 is divided by 62?
56
Calculate the remainder when 5488 is divided by 222.
160
Calculate the remainder when 21846 is divided by 98.
90
What is the remainder when 56678 is divided by 40?
38
Calculate the remainder when 177584 is divided by 15.
14
Calculate the remainder when 3285 is divided by 233.
23
What is the remainder when 80842 is divided by 18?
4
Calculate the remainder when 35013 is divided by 11645.
78
Calculate the remainder when 3901 is divided by 262.
233
What is the remainder when 217676 is divided by 783?
2
Calculate the remainder when 5253 is divided by 72.
69
What is the remainder when 1280 is divided by 442?
396
Calculate the remainder when 661988 is divided by 165496.
4
What is the remainder when 942882 is divided by 23?
20
What is the remainder when 18250 is divided by 4561?
6
Calculate the remainder when 67616 is divided by 11267.
14
Calculate the remainder when 4514 is divided by 86.
42
What is the remainder when 34536 is divided by 1568?
40
Calculate the remainder when 5076 is divided by 66.
60
What is the remainder when 4802 is divided by 1197?
14
What is the remainder when 7476 is divided by 3727?
22
Calculate the remainder when 1627934 is divided by 289.
286
What is the remainder when 8593 is divided by 400?
193
Calculate the remainder when 121177 is divided by 12117.
7
What is the remainder when 16406 is divided by 1163?
124
Calculate the remainder when 80758 is divided by 2071.
2060
What is the remainder when 841905 is divided by 29?
6
Calculate the remainder when 9966 is divided by 434.
418
Calculate the remainder when 1181 is divided by 329.
194
Calculate the remainder when 8965 is divided by 390.
385
What is the remainder when 20647 is divided by 181?
13
What is the remainder when 4746 is divided by 4729?
17
What is the remainder when 83730 is divided by 19?
16
What is the remainder when 23532 is divided by 24?
12
What is the remainder when 17783 is divided by 2?
1
Calculate the remainder when 2541 is divided by 837.
30
What is the remainder when 46201 is divided by 5132?
13
Calculate the remainder when 203437 is divided by 16953.
1
What is the remainder when 68384 is divided by 136?
112
What is the remainder when 526 is divided by 138?
112
What is the remainder when 53480 is divided by 58?
4
What is the remainder when 345344 is divided by 455?
454
Calculate the remainder when 4338 is divided by 1433.
39
What is the remainder when 1891 is divided by 14?
1
What is the remainder when 7697341 is divided by 681?
679
Calculate the remainder when 1003 